f + q. What is the greatest common factor of f and 50?
10
Let r be 2/(-6)*18/(-6). What is the highest common divisor of 7 and r?
1
Suppose 0*s + 4*s = 8. Suppose s*l + 28 = 3*l - 2*q, 3*l + 3*q = 120. What is the greatest common divisor of l and 180?
36
Suppose -16 = -2*q + 26. What is the highest common factor of q and 48?
3
Suppose -f - 4*i = -i - 71, 5*f - 270 = 2*i. Suppose 2 = w, -26*w = 5*y - 27*w - 138. What is the greatest common divisor of f and y?
28
Let l(c) = -c**3 + 19*c**2 + 36*c - 318. Let u be l(20). Suppose -2*w + 2*z = 2*w - 72, 5*z - 28 = -3*w. Calculate the highest common factor of u and w.
2
Let x be 4 + -13 + 2 + 3. Let i(j) = 2*j**2 - j - 6. Let k be i(x). What is the highest common divisor of k and 90?
30
Let w(u) be the first derivative of -u**3/3 - 5*u**2/2 + 7*u + 4. Let t be w(-3). Calculate the highest common factor of t and 117.
13
Suppose 10*i = 11*i + 2*n, 3*i + 6 = -4*n. Let c(l) = 4*l**2 + 19*l + 2. Let w be c(i). Calculate the highest common divisor of w and 256.
32
Let p be -1 - -54 - (27 - 12 - 17). Calculate the highest common factor of p and 33.
11
Let f = 271 - 253. Calculate the greatest common divisor of f and 342.
18
Suppose 5*b - 30 = -4*u + 3, 3*b = 15. Let y = 12 + -4. Calculate the greatest common divisor of y and u.
2
Let y be 60/27 + (-12)/54. Let d be 1/y - (-495)/(-6). Let o = d - -138. What is the highest common factor of 28 and o?
28
Suppose 3*y + 18 = -3*a + 6*a, -5*y + 10 = 3*a. Suppose 10 = f + a*s, -2*f + s = f - 30. What is the greatest common factor of 20 and f?
10
Suppose 1261 - 181 = 10*s. Suppose -3*d + 3*w + s = 0, 0 = 4*d + 4*w - w - 130. Calculate the highest common divisor of 306 and d.
34
Suppose 2*b + 5*p - 24 = 0, 2*p + 0*p + 24 = 4*b. Calculate the greatest common factor of b and 28.
7
Suppose 3 = s - 2. Let p = s + 4. Calculate the highest common divisor of 18 and p.
9
Let x = -2604 + 2648. Calculate the highest common factor of 64 and x.
4
Suppose i - 198 = -2*i. Let d = i - 40. What is the highest common factor of d and 130?
26
Let c = -261 - -278. Calculate the highest common divisor of c and 136.
17
Let p = -897 - -936. Calculate the greatest common factor of 182 and p.
13
Let m = -733 - -1060. What is the highest common divisor of 3 and m?
3
Let w be ((((-255)/2)/(-5))/(-3))/(291/(-2328)). Let b be 0 + (2 - 4) + 36. Calculate the highest common divisor of w and b.
34
Suppose 0 = -4*u - 20, -2*x + u = 2*u + 1. Suppose -x*z + 16 = 10. Suppose -z*c - c = -60. What is the highest common factor of c and 3?
3
Suppose -141 - 139 = -10*w. Let d be (w/1)/((-14)/(-10) + -1). Calculate the highest common divisor of 42 and d.
14
Let g(c) = c**2 + 4*c + 7. Let n be g(-7). Let y = 10 - 8. Suppose 5*x - 3*o = 14, 8 = x + y*x - 2*o. What is the greatest common factor of n and x?
4
Let o(h) be the second derivative of h**4/12 - h**2/2 + h. Let n be o(2). Suppose -b + 4 = 0, 37 = m - 0*m + 4*b. What is the highest common factor of n and m?
3
Suppose -4*m - 5*r + 63 = 0, r = 2*m + 6*r - 19. What is the highest common divisor of m and 1?
1
Suppose -5*o - 2*v + 17 = -5*v, 0 = 5*o - 5*v - 15. Suppose -4*g = -z - 20, -3*g = -o*g + 2*z + 12. Calculate the greatest common divisor of 36 and g.
4
Let o(s) = -s**3 + 13*s**2 - 8*s - 6. Let d be o(12). Suppose 0 = 4*j - d - 6. Suppose -5*g - 14 = -74. What is the highest common factor of j and g?
12
Let v be 68/340 - (-778)/10. What is the highest common divisor of 130 and v?
26
Let n = 11 - 6. Suppose -n*s = 5*i + 35, 4 + 1 = -3*i + 5*s. Let y = i + 56. Calculate the highest common factor of y and 17.
17
Suppose -2*f = 2*a + 15 - 47, 0 = -3*a - f + 52. Suppose 2*v + v - 69 = s, -2*s - a = -v. What is the greatest common factor of 12 and v?
12
Suppose 0 = -2*t + t + 120. Let h = -567 + 582. Calculate the highest common factor of t and h.
15
Let d(w) = w**2 + 13*w + 27. Let i be d(-11). Suppose 10*q = i*q + 20. What is the greatest common divisor of 4 and q?
4
Suppose -3 = y - 2*a - 14, -5*a = -2*y + 25. Suppose y*x - 101 - 94 = 0. What is the highest common divisor of x and 13?
13
Suppose -4*j = -2*j + 68. Let k = j - -44. Calculate the greatest common factor of k and 70.
10
Suppose 160*i = 165*i - 75. What is the highest common factor of 375 and i?
15
Let v be (-119)/(-4) + 3/12. Let g be (11 - 6 - 21)/(4/(-10)). Calculate the greatest common factor of g and v.
10
Suppose 2*f = -3*l + 22, 3*l + f - 32 = -3*f. Let v be (-7 + 73)*(l/(-2))/(-4). What is the highest common divisor of 132 and v?
33
Suppose h + w = 5*w - 9, -9 = -h - 2*w. Let u be h*4/24*68. What is the greatest common divisor of u and 85?
17
Let y(n) = 3*n**2 - 18*n + 12. Suppose 30 = 6*w - 18. Let i be y(w). Calculate the greatest common factor of i and 15.
15
Suppose -8*u + 5*u + 84 = 0. Let t be 8/u + 492/42. What is the greatest common divisor of 132 and t?
12
Suppose 232*v = 228*v - 4, 3*v + 13 = q. Calculate the greatest common divisor of q and 65.
5
Let b = 73 + 42. Suppose -4*g + b = g - 4*a, 4*a + 77 = 3*g. Let h be (0 + -1)*-19*9. Calculate the greatest common factor of g and h.
19
Suppose 1 - 5 = 2*p, n = p - 17. Let z = 27 + n. Let r(b) = 13*b**2 - 2*b. Let h be r(-2). What is the highest common divisor of z and h?
8
Let y be 18/(-4)*8/(-18). Let t(j) = -30*j - 3. Let s be t(y). Let l = 117 + s. What is the greatest common factor of l and 6?
6
Suppose 2*b = -0*m - 4*m + 438, -b + 1 = 0. Suppose -37 + m = 3*y. Let x = 59 - -13. What is the highest common factor of x and y?
24
Let v(i) = -4*i**2 - 5 + i**3 + 8 + 5. Let t be v(4). Let s(c) = c**2 - c - 2. Let u be s(-6). Calculate the greatest common divisor of u and t.
8
Let r = 81 - 69. Calculate the greatest common factor of r and 9.
3
Let d(h) = -3*h**2 + 2*h - 1. Let x be d(1). Let n be (0 - -2)/x*-64. What is the greatest common divisor of 8 and n?
8
Suppose -447 + 55 = -4*p. Suppose -3*b + 2*w = -48, -3*b - 3*w + 51 = -6*w. Calculate the highest common divisor of b and p.
14
Suppose -174 = 2*b - 30. Let w = -62 - b. What is the highest common divisor of w and 5?
5
Suppose 0 = 4*h + 3*s - 28, -3*s - 42 = 4*h - 7*h. Suppose 0 = -2*n + 4*n - h, 5*t = 2*n + 935. Calculate the greatest common factor of 21 and t.
21
Suppose 0 = 5*i - i - 56. Let d = 16 - i. Let t be d/(-10) - 1812/(-60). Calculate the greatest common factor of 10 and t.
10
Let y(x) = 2*x**3 + x**2 - 12*x + 1. Let m be y(3). What is the greatest common divisor of m and 364?
28
Let p be (1 + 91)/((-1)/(-2)). Suppose 0 = -5*w + 724 - p. Suppose 4*u - 5*z = 63, -2*u = -5*u + z + 39. What is the greatest common divisor of u and w?
12
Suppose -2*i + 8*i = 24. Let r(h) = -h**2 - 5*h - 4. Let x be r(-6). Let d = i - x. Calculate the greatest common divisor of d and 126.
14
Let a = 25 + -14. Let s = -5 + a. Suppose -2*o = 2*l - 28, 0 = -9*o - 31*l + 27*l + 101. What is the highest common divisor of o and s?
3
Suppose u + 0 = 2, -5*i = 2*u - 554. Suppose i = -5*v + 10*v. Let g = v - 15. What is the greatest common factor of 56 and g?
7
Let a be 301/42 + (-2)/12. Let s be (a/(-3))/((-9)/243). What is the highest common factor of 9 and s?
9
Let z = 826 - 322. Calculate the highest common factor of 48 and z.
24
Let w be ((-561)/(-85))/(3/30). What is the greatest common divisor of w and 165?
33
Let a be 1/9 + 178/18. Calculate the greatest common factor of a and 85.
5
Let a(v) = -v + 13. Let g be a(6). Let x be 19/4 + g/28. Suppose 3*d = -4*n + 7*d + 232, 4*n = -5*d + 205. Calculate the highest common divisor of x and n.
5
Suppose -i - 129 = -d - 4*d, d = -i + 27. Calculate the highest common divisor of d and 182.
26
Suppose -19*d = -5*x - 24*d + 210, -2*x + d + 78 = 0. What is the greatest common divisor of x and 32?
8
Let p(t) be the first derivative of -t**4/4 + 23*t**3/3 + 25*t**2/2 - 19*t + 15. Let h be p(24). What is the greatest common factor of h and 10?
5
Suppose 0 = -35*o + 42*o - 2401. What is the greatest common divisor of o and 7?
7
Let y(z) = -z**3 - 3*z**2 - 17*z - 53. Let m be y(-5). What is the highest common divisor of m and 14?
2
Suppose 3*y - 6 = 2*m, y = -0*m + 5*m + 2. Let q(f) = -f**3 + f + 50. Let u be q(m). What is the greatest common divisor of u and 20?
10
Let d be (-1)/(-1 + -1 + 1). Suppose 0 = 2*f + 7 + d. Let n be (2/7)/(f/(-28)). Calc